{"id":11,"date":"2016-03-18T13:40:52","date_gmt":"2016-03-18T13:40:52","guid":{"rendered":"http:\/\/fourtytwo.me\/wp\/?page_id=11"},"modified":"2022-08-23T15:25:19","modified_gmt":"2022-08-23T15:25:19","slug":"warum-fourtytwo","status":"publish","type":"page","link":"https:\/\/fourtytwo.me\/","title":{"rendered":"Warum Fourtytwo?"},"content":{"rendered":"<p>Die Zahl 42 ist in dem Roman &#8220;Per Anhalter durch die Galaxis&#8221;\u009d (<i>The Hitchhiker&#8217;s Guide to the Galaxy<\/i>) von Douglas Adams die Antwort auf die von Protagonisten der Geschichte gestellte Frage &#8220;nach dem Leben, dem Universum und dem ganzen Rest&#8221; (<i>life, the universe and everything<\/i>), die in der Geschichte der zweitgr\u00f6\u00dfte existierende Computer des Universums zu errechnen hat und sie als mit absoluter Sicherheit korrekt darstellt.<\/p>\n<p>Anders als im Anhalter ziehe ich mich allerdings nicht darauf zur\u00fcck zu behaupten, dass ihre Aufgabenstellung unpr\u00e4zise gestellt sei, sondern liefere ma\u00dfgeschneiderte L\u00f6sungen um ihr Netzwerk zuverl\u00e4ssig zu sch\u00fctzen.<\/p>\n<p>Seien es Schwachstellen- oder Netzwerkanalysen, Konzepte zur Absicherung von Firmendaten oder auch nur Beratungsleistungen rund um die IT Sicherheit.<\/p>\n<p><strong>Herzlich willkommen auf der Webseite von Klaus Denzinger &#8211; Senior IT Security Consultant.<\/strong><\/p>\n","protected":false},"excerpt":{"rendered":"<p>Die Zahl 42 ist in dem Roman &#8220;Per Anhalter durch die Galaxis&#8221;\u009d (The Hitchhiker&#8217;s Guide to the Galaxy) von Douglas Adams die Antwort auf die von Protagonisten der Geschichte gestellte Frage &#8220;nach<a class=\"moretag\" href=\"https:\/\/fourtytwo.me\/\">Read More&#8230;<\/a><\/p>\n","protected":false},"author":1,"featured_media":0,"parent":0,"menu_order":0,"comment_status":"closed","ping_status":"closed","template":"page-sidebar.php","meta":{"footnotes":""},"class_list":["post-11","page","type-page","status-publish","hentry"],"_links":{"self":[{"href":"https:\/\/fourtytwo.me\/index.php?rest_route=\/wp\/v2\/pages\/11","targetHints":{"allow":["GET"]}}],"collection":[{"href":"https:\/\/fourtytwo.me\/index.php?rest_route=\/wp\/v2\/pages"}],"about":[{"href":"https:\/\/fourtytwo.me\/index.php?rest_route=\/wp\/v2\/types\/page"}],"author":[{"embeddable":true,"href":"https:\/\/fourtytwo.me\/index.php?rest_route=\/wp\/v2\/users\/1"}],"replies":[{"embeddable":true,"href":"https:\/\/fourtytwo.me\/index.php?rest_route=%2Fwp%2Fv2%2Fcomments&post=11"}],"version-history":[{"count":1,"href":"https:\/\/fourtytwo.me\/index.php?rest_route=\/wp\/v2\/pages\/11\/revisions"}],"predecessor-version":[{"id":221,"href":"https:\/\/fourtytwo.me\/index.php?rest_route=\/wp\/v2\/pages\/11\/revisions\/221"}],"wp:attachment":[{"href":"https:\/\/fourtytwo.me\/index.php?rest_route=%2Fwp%2Fv2%2Fmedia&parent=11"}],"curies":[{"name":"wp","href":"https:\/\/api.w.org\/{rel}","templated":true}]}}